is b(6)?
1
Let u(a) = 5*a + 1. Let o(m) = -m - 1. Let x be o(3). Let y be (-12 + 10)/((-4)/10). Let b = x + y. Calculate u(b).
6
Let x(f) = -f**2 + 11*f - 1. Let g(b) = -b**2 + 10*b - 1. Let u(w) = -5*g(w) + 4*x(w). Calculate u(5).
-4
Let v(k) = -k**2 - 6*k - 5. Let q(c) = -c**2 + 3*c + 3. Let s be q(5). Calculate v(s).
-12
Suppose -2*q - 12 = 2*f, -18 = 5*q - 0*f + 2*f. Let m = -5 - q. Let n = 2 + m. Let x(d) = -5*d**3 + d. Determine x(n).
4
Let o(h) = h**3 - h**2 - 2*h - 1. Let i(p) = p + 9. Let k be i(-4). Suppose 6 = k*s - 2*s. Give o(s).
-1
Suppose 9*d = 4*d - 2*j - 25, -d = -3*j + 5. Let v(i) = -i**3 - 5*i**2 - 3*i + 6. Calculate v(d).
21
Let a(y) = 2*y + 2. Let d(r) = 13*r**2 - 6*r - 10. Let u(n) = -9*n**2 + 4*n + 7. Let z(f) = -5*d(f) - 7*u(f). Let q be z(2). What is a(q)?
-4
Let a(d) be the third derivative of -d**5/40 - d**4/4 + d**3/6 + d**2. Let y(n) be the first derivative of a(n). Calculate y(-4).
6
Let w(c) = -c - 1. Let p(i) = 11*i + 6. Let a(x) = -p(x) - 5*w(x). Let t(j) = j**3 + j**2 + j - 1. Let g be t(0). Let b be g/3*(-12)/4. What is a(b)?
-7
Let u(f) = 3*f**3 + 22*f**2 - 7*f - 14. Let p(a) = a**3 + 7*a**2 - 2*a - 5. Let t(m) = -7*p(m) + 2*u(m). Give t(-5).
7
Let l(s) be the first derivative of s**4/4 - 2*s**3/3 + s**2/2 - s - 2. Suppose 4*h - 20 = -h. Suppose -2*b + 2 = 5*y, -3*b + 4 = b + h*y. Give l(b).
-1
Let g(n) = 2 + 0*n - n - 4 - 1. Determine g(-5).
2
Let l = 71 + -71. Let o(z) be the second derivative of 1/6*z**3 + 0*z**2 + l + 3*z. Give o(-1).
-1
Let d(g) be the first derivative of g**4/4 - g**3 - 2*g**2 + 41. Give d(4).
0
Let g(t) be the third derivative of -t**5/120 + t**4/12 - t**3/3 + 2*t**2. Let y(w) be the first derivative of g(w). What is y(3)?
-1
Suppose -2 = -q + 1. Let g(x) = -x**2 + 4*x + 3. Give g(q).
6
Let x(r) be the first derivative of 2 + 1/2*r**4 - 2*r + r**3 - 1/2*r**2. Let g(f) = -f + 5. Let a be g(7). Calculate x(a).
-4
Let k(b) be the third derivative of b**6/120 - b**5/60 + b**2. Let w be k(-1). Let h(p) = 1 + p**3 - 2 + 2 - 2*p. Calculate h(w).
-3
Let d(c) = c**2 + 1. Suppose 5*i + 4 = -11. Let k(v) = v**3 - 7*v**2 - 4*v - 1. Let o(m) = i*d(m) - k(m). Determine o(5).
-7
Let p(q) = 2*q**3 + 2*q**2 - 1. Let z be p(-1). Let w = 4 + z. Let k(x) = -x**2 + 4*x**3 + 6*x + 1 - w*x**3 + 7*x**2. Determine k(-4).
9
Suppose -7*c = -3*c - 24. Suppose -3*m = -c*m + 15. Suppose m*z = 3*z - 2. Let a(k) = 7*k**3 + k**2 + k. What is a(z)?
-7
Let d be 4/12*-2*3. Let v(s) = s**3 - s**2 + 2*s + 3. What is v(d)?
-13
Let p(s) = 6*s - 2*s - 3*s - 1. Let l = 7 + -7. Calculate p(l).
-1
Suppose c + 6*c + 14 = 0. Let q(t) = -4*t**2 + 2*t - 1. Calculate q(c).
-21
Let l(b) = -b**2 - b - 6. Suppose w + 3*d + 9 = 0, -5*w - 3 = -d + 2*d. Suppose i + w*i = 0. Give l(i).
-6
Suppose 0 = -0*w + 3*w + 5*b + 30, -36 = 3*w + 3*b. Let f be (21/w - -2)*5. Let y(u) = -u**3 + 5*u**2 - 2*u + 1. Calculate y(f).
13
Let l = 0 - 0. Let a(j) be the third derivative of 1/60*j**5 + 0*j + j**3 + 0 + 1/120*j**6 + 1/24*j**4 + j**2. What is a(l)?
6
Suppose -2*f = -6*f + 16. Let u(y) = y**3 - 4*y**2 + 2*y - 5. Determine u(f).
3
Let q(a) = -4*a + 8. Let n be 3 + (-7 + 1)*5/(-10). Give q(n).
-16
Let h(r) = -5*r + 5. Let o(t) = -9*t + 9. Let s(x) = 11*h(x) - 6*o(x). Let y(i) = 5*i - 1. Let d(g) = -6*s(g) - y(g). Give d(4).
-1
Suppose 3*f + 0*f - 18 = 0. Suppose -3*o + 3 + f = 0. Let d = -1 + o. Let y(u) = u**2 - 4*u + 2. Calculate y(d).
-2
Suppose -4*g + 5*d = -5 + 25, -g - 5*d = 5. Let c(q) be the first derivative of -q**2/2 - q - 2. Let s be c(g). Let j(p) = -p**3 + 5*p**2 - 6*p + 3. Give j(s).
-5
Let o(n) = 9 + 2 - n - 3 - 4. Calculate o(4).
0
Let t(x) = 12280*x**2 - 12278*x**2 + 6 - 2 + x**3. Determine t(-3).
-5
Let j be (2 - 5 - -5) + 2. Let b(o) = -4 + 6 + j*o - 5*o. What is b(5)?
-3
Let i(p) = -2*p - 4. Let a(b) = -b**2 + 6*b - 4. Let m be a(4). Let l be m/8*(-5 - 1). Calculate i(l).
2
Suppose w - 9 = -7. Suppose q + 18 = 2*q + 3*z, 5*z - 28 = -q. Let o(k) = -1 - 3*k**3 - q*k + 2*k + 2*k**3 + 0*k**w + 4*k**2. Determine o(3).
5
Let k(j) = 2*j + 8*j**2 + 0*j**2 - 4*j**2 - 5*j**2. What is k(4)?
-8
Let s = 17 - 15. Let l(x) = -73*x**3 - x**s + 2 + x - 2 + 2 + 74*x**3. What is l(0)?
2
Let o(p) = 7*p + 68. Let n be o(-9). Suppose 0 = -2*v + 64 - 0. Suppose v = 3*x + n*l - l, -3*l = -15. Let y(m) = -m**2 + 4*m - 6. Determine y(x).
-6
Let x be (-2)/(-3) - (-60)/18. Suppose 19 = -g - i - x*i, -2*i = 3*g + 5. Let n(d) = 3*d**2 - 2*d + 1. Let c be n(g). Let f(l) = l**3 + 2*l - 3. What is f(c)?
9
Let x(h) be the third derivative of h**6/120 - h**5/12 + h**4/4 - 5*h**3/6 + h**2 + 53. Suppose 0 = -0*t - 3*t + 12. Determine x(t).
3
Let w(j) be the first derivative of -j**2/2 - 3*j - 2. Let d(y) = y**2 - y - 1. Let a be d(0). Let g = 3 - a. Determine w(g).
-7
Let a(o) = 3*o**3 + 2*o**2 + 5*o + 5. Let c(l) = 2*l**3 + l**2 + 3*l + 3. Let y(p) = 3*a(p) - 5*c(p). Calculate y(1).
0
Let b(a) = 373*a**2 - 2*a + 373*a**2 - 745*a**2. Give b(2).
0
Let q(r) = r. Let f(o) = o**3 + 3*o**2 + 9*o + 2. Let u(b) = -f(b) + 6*q(b). Let s be u(-2). Let z(d) = d**2 - 1 - 7*d**3 + s - 3*d + 2*d. Determine z(-1).
8
Let u(p) = 3*p - 12 + 3*p + 3 - p**2. What is u(7)?
-16
Let k be (63/4)/9*-4. Let b(m) = -m**3 - 8*m**2 - 7*m - 4. Determine b(k).
-4
Let i(g) = -2*g**2 - 6*g - 1. Let c(q) = -q + 4. Let d be c(0). Let w(h) = 3*h**2 + 7*h + 2. Let o(b) = d*i(b) + 3*w(b). Calculate o(2).
0
Suppose 5*d - 5 = 5. Let m(z) = z**3 - 3*z**2 + 3*z - 2. What is m(d)?
0
Let y(p) = p + 1. Let a(d) = -d**2 - 5*d. Let n be a(-5). What is y(n)?
1
Suppose 3*t = -0*t. Let g(o) = 0 - o + 3 + t. Give g(4).
-1
Let c(w) = -2*w - 10. Let q be c(-7). Let t(s) = -q - 6*s - 2 + 2 + 1. What is t(-2)?
9
Let m = 21 + -11. Suppose -5*o + 21 = 3*f - 0*f, -2*o = 2*f - m. Let n(l) = -l**2 + 3*l - 4. Determine n(o).
-4
Let m(b) = -b - 10. Let a be m(-10). Let j(w) = 3*w**3 + 3*w**2 - 3. Let u(x) = -7*x**3 - 7*x**2 + 7. Let h(f) = 5*j(f) + 2*u(f). Calculate h(a).
-1
Let k = 18 - 13. Let g(n) = -6*n**2 - k + n + 0 + 4*n**2 + 3*n**2. Give g(4).
15
Let f(h) be the second derivative of -h**5/40 - h**4/24 + h**3 + 2*h. Let r(j) be the second derivative of f(j). Give r(-3).
8
Let y(p) = -31*p**3 - 2*p**2 - p. Let m be y(-1). Let r be m/4*4/(-5). Let o(v) = -v**2 - 6*v - 4. What is o(r)?
-4
Let q = -60 + 66. Let p(w) = -w. Calculate p(q).
-6
Let i = -15 - -17. Let l(v) = v + v**2 - 1 + 0*v - 6*v + 0*v**i. Give l(6).
5
Let k(v) = -237*v - 1 + 2 + 231*v. Calculate k(1).
-5
Suppose 5*k = -2*h - 19, 2*h - 3*k - 7 = 14. Suppose 0 = -0*l + h*l - 3. Let b(y) = -8*y - 1. Give b(l).
-9
Let o(b) = -b**3 + 3*b**2 - 3*b - 3. Let i = -26 + 28. Suppose 5*h - 4*h + 3*c = 12, -3*h + i*c = -3. What is o(h)?
-12
Let i(l) be the third derivative of -l**4/24 - l**3/3 + 17*l**2. Determine i(4).
-6
Let b(y) = -4*y**2. Let a(g) = g**3 - 3*g**2 - 1. Let s(j) = -j**3 - 6*j**2 - j - 3. Let f be s(-6). Let o be a(f). Calculate b(o).
-4
Let d be (-8)/12 - (-11)/3. Let c(p) = 0*p - 5*p - 4 - 4*p**2 - p**3 + 0*p**3 - d*p**2. Determine c(-6).
-10
Let n(h) = 4*h**3 + 2*h**2 - 2*h + 1. Let l be n(1). Let p(m) be the third derivative of m**6/120 - m**5/12 - 2*m**3/3 - 4*m**2. Give p(l).
-4
Let h(q) be the second derivative of -q**4/12 + 4*q**3/3 - 3*q**2/2 + 7*q. Determine h(5).
12
Suppose -j = 1 + 1. Let s be j/12 - 14/(-12). Let z(f) = -f**3 - 2*f - f - s + 5*f - f**2. Determine z(-2).
-1
Let c be ((-1)/4)/(13/(-364)). Let o(w) = -w + 8. Give o(c).
1
Let b(q) = -q**3 + 2*q**2 - 2*q + 2. Suppose -5*d = 2*n - 14, 2 = 3*n - 5*n + 3*d. Calculate b(n).
-2
Let j(y) = y**3 - 4*y**2 - 5*y + 4. Suppose 0 = 4*v + 4*b - 16, 0 = -v - 2*b - b + 2. Calculate j(v).
4
Let f(j) = 5*j**3 + 3*j**2 + 4*j - 6. Let g(p) = p**3 + p - 1. Let v(m) = f(m) - 4*g(m). Give v(-3).
-2
Suppose 2*u + 3*m + 4 = -5, 0 = 2*u - 3*m - 9. Let r = 3 + 4. Let c(t) = 2 - 5 + t + r - t**2. Calculate c(u).
4
Let t(k) = 2*k**2 - 2*k**2 - 1 + 7*k - 9*k - k**2. Calculate t(-1).
0
Suppose -3*n + d + 18 = -3*d, 2*n = 2*d + 10. Let u(t) = -4*t**n - 2*t - 2*t**2 + 1 + 6*t**2 - 2*t**2. Give u(1).
-3
Suppose -f + 0 = 2*k + 1, -5*k - 5*f = 5. Suppose -z + b + k - 2 = 0, -3*b + 12 = -4*z. Let i(u) = u + 6. Determine i(z).
0
Let g(i) = -i**3 - i**2 - 1. Let m(z) = 4*z**3 + 3*z + 1 + 7*z**2 + z - 3*z - 2*z**